-15*(8/3 + -3). Suppose 1 = -j*k - 119. Let y = 42 + k. What is the greatest common divisor of y and 90?
18
Suppose -8 = -y + 28. Suppose 0 = -3*n + y. Calculate the highest common divisor of 132 and n.
12
Suppose 34 = 5*k - 21. What is the highest common divisor of k and 22?
11
Let c(n) = n**2 - 11*n + 31. Let z be c(5). Calculate the greatest common divisor of z and 1.
1
Let a be 4/(-1)*243/2. Let j = -310 - a. Calculate the highest common factor of 16 and j.
16
Suppose 2*t = -t + 48. Let z = 2 + 6. Let a = z + -4. What is the greatest common divisor of a and t?
4
Let m = -3 + 201. Let r = -20 + 38. Calculate the highest common factor of m and r.
18
Suppose 2*f - 2*x - 3*x - 22 = 0, f = -x + 4. Suppose 53 = 4*v - 19. What is the highest common divisor of v and f?
6
Suppose -2*v + 16 - 4 = 0. Suppose 0 = 3*n - 24 - 66. Suppose -4*k + n = -3*k. Calculate the greatest common divisor of v and k.
6
Let w be (3 - 1)/(3/9). Suppose -t + 52 = 3*t. Suppose 0 = -4*b - b - 25, -3*b = r + t. Calculate the greatest common factor of r and w.
2
Let k be 87/12*(2 - -2). Let l = k - 11. Suppose -4*o + 5*s + l = 0, 4*o + 8*s + 2 = 3*s. What is the highest common factor of 3 and o?
1
Suppose -4*i - 3*p = -33, -2*p - 31 - 3 = -2*i. Let o = 18 + -10. Let x(f) = f**2 - 8*f + 3. Let t be x(o). What is the highest common factor of t and i?
3
Let k(h) = 17*h**2 + h - 1. Let a be k(3). Suppose -a = -5*c - 30. What is the greatest common factor of 5 and c?
5
Suppose 3*f = 23 - 2. Let m be 465/35 - 2/f. Let n(k) = 2*k**2 - 4*k - 5. Let b be n(7). What is the highest common divisor of b and m?
13
Let n(z) = z**3 + 5*z**2 - 2*z - 10. Let p be n(-5). Suppose 2*b + 5*a - 2 = p, a + 0*a + 4 = 0. What is the highest common factor of 22 and b?
11
Let k be 10 - (-5 - -2)*-1. Let f = -2 - -3. Calculate the highest common divisor of k and f.
1
Suppose 2*m + 5*z - 23 = 0, 0*m = -5*m + 5*z + 75. Suppose -y = 15 + 33. Let c = -13 - y. What is the highest common factor of c and m?
7
Suppose -3*a + 7*a = 5*x - 27, -a + 2 = 0. What is the highest common factor of x and 63?
7
Let d be (-1)/(1/(6*-1)). Suppose 0 = 4*g - 5*g + 12. What is the greatest common factor of g and d?
6
Suppose -o = -4*j - 6*o + 72, -5*j + 90 = -4*o. Suppose 0*w - 4*x - 72 = -4*w, -w + 5*x = -j. Calculate the greatest common divisor of w and 6.
6
Suppose 4*i = -5*m - 0*i + 29, 2*m + 3*i = 13. Let p(l) = 2*l**2 - 6*l - 6. Let y be p(m). What is the highest common factor of 42 and y?
14
Let r = 37 - -82. Calculate the highest common divisor of 17 and r.
17
Let p be 6*51/12 + 1/2. What is the greatest common divisor of 13 and p?
13
Let f(g) = 2 - 1 - 1 + 3*g - 6. Let a be f(3). Calculate the greatest common divisor of a and 3.
3
Let j be (12/8 + -2)*-8. What is the greatest common factor of j and 6?
2
Let a be (16/12)/(2/3). Let z be 188/12 - a/(-6). What is the greatest common divisor of z and 112?
16
Suppose 5*i - 40 = -5*d, 0 = 4*d - 11 - 5. Calculate the greatest common factor of 36 and i.
4
Suppose 0 = -2*y - 2 - 2. Let w be 2 + y + (-1 - -43). What is the highest common factor of w and 28?
14
Suppose 0 = -0*m - 2*m - 4*c + 68, -5*c = -4*m + 71. Calculate the greatest common factor of 264 and m.
24
Let v(s) = s**3 + 9*s**2 + 7*s + 6. Let r be v(-8). Calculate the greatest common divisor of 2 and r.
2
Suppose d + 88 = 2*j - 3*d, -4*j + 3*d + 191 = 0. Let u be (0 - 3/3) + 21. Calculate the greatest common factor of j and u.
10
Suppose 20*v = 6*v + 112. What is the highest common factor of v and 56?
8
Let q(p) = -p**3 - 23*p**2 + 20*p - 1. Let s be q(-24). Calculate the greatest common divisor of s and 38.
19
Let n(q) = q**2 + 9*q + 6. Let p be n(-9). Let f(y) = -y**2 - 9*y - 2. Let a be f(-8). Calculate the highest common divisor of p and a.
6
Suppose 0 = 4*a - 11 - 13. What is the greatest common factor of 15 and a?
3
Let j be ((-59)/(-2))/((-2)/(-12)). Let y = j - 122. Suppose 11*o + 198 = 20*o. Calculate the highest common divisor of y and o.
11
Let n(b) = -2*b. Let o be n(1). Let p be ((-1)/2)/((-1)/o). Let q = 7 - p. Calculate the greatest common divisor of q and 20.
4
Suppose 11 = j + s, 2*j - 32 = -5*s + s. What is the greatest common factor of 42 and j?
6
Let b(y) be the second derivative of -y**3/3 - 13*y**2/2 + 3*y. Let r be b(-10). What is the greatest common divisor of r and 77?
7
Suppose -2*a = a - 6. Suppose -2*v + 30 = a. What is the highest common factor of 42 and v?
14
Let i = -75 + 84. Calculate the highest common factor of i and 72.
9
Let a be (20/15)/(-4)*-3. Let g be 6/((-7)/(-2) + -2). What is the greatest common factor of g and a?
1
Suppose 0*q - 58 = -5*q - 3*s, q = 3*s + 26. Suppose q = 3*y - 34. What is the highest common divisor of y and 24?
8
Let l(s) = s**2 - 4*s - 6. Let y be l(6). Suppose -o + 60 = -y*o. Let z be (-5)/30 - 434/o. What is the highest common divisor of z and 9?
9
Let m(h) = h**3 + 4*h**2 - 3*h - 3. Let k be m(-4). Let v(n) = -n**3 + 5*n**2 + 2. Let u be v(4). Calculate the greatest common factor of u and k.
9
Suppose b - 2*b + 4 = 0. Suppose 23 - 95 = -2*l. Calculate the greatest common divisor of l and b.
4
Let v = -2 - -2. Let y = -1 + v. Let s be (12/(-2))/(y/4). Calculate the greatest common factor of s and 60.
12
Suppose r = 3, -68 = -5*o - 0*o - r. What is the highest common divisor of o and 13?
13
Let l = 27 - -54. Let t(f) = f**3 + 6*f**2 - f + 3. Let k be t(-6). What is the greatest common divisor of k and l?
9
Let h(g) = -g**2 - 8*g + 4. Let a be h(-4). Suppose -a = -c + 13. Calculate the greatest common divisor of c and 11.
11
Suppose 2 + 18 = 5*g. Let t = g + 1. Suppose -t*b = -12 - 3. Calculate the greatest common divisor of b and 12.
3
Suppose -5*n + 386 - 106 = 0. Suppose -4 = -3*a - 1, -4*a - 66 = -5*o. Calculate the greatest common factor of o and n.
14
Let o = 69 - 54. What is the highest common divisor of o and 75?
15
Let g be ((-6)/(-3))/(2 - 1). Let u = 1 - -7. What is the greatest common factor of u and g?
2
Let q(v) = -v + 100. Let k = 4 + -4. Let b be q(k). What is the highest common factor of 40 and b?
20
Let k(g) = 3*g + 3. Let c be k(3). Calculate the highest common divisor of c and 30.
6
Suppose 3*t = -y + 2, -4*t = y + 2*y + 4. Let l be ((-2)/(-3))/(y/(-102)). What is the greatest common factor of l and 187?
17
Suppose -4*q = q - 20. Suppose q*w - 120 = -w - z, -2*w + 2*z = -36. Suppose 10 = 2*p, -j + 21 + 33 = -3*p. What is the greatest common factor of j and w?
23
Let f = 5 + 37. Let j = 16 + -10. Let s = 20 - j. Calculate the highest common factor of f and s.
14
Let b be (152/(-5))/((-3)/15). Let c be b/10 - 2/10. What is the greatest common factor of c and 5?
5
Let s = 11 + -9. What is the greatest common factor of 18 and s?
2
Suppose -2*r = -16 - 44. Suppose -5*q + 3*w + 8 = -43, -q - w = -15. What is the highest common factor of r and q?
6
Let k be -1*(-15 - 1*-2). Let z be 387/6 + (-1)/(-2). Calculate the highest common divisor of k and z.
13
Let k be (2 - 13)/(1/(-3)). Let s = 78 - k. Suppose 19 = -3*q + 6*q - 4*t, -2*q + 3*t + 13 = 0. What is the greatest common divisor of q and s?
5
Let w = 8 - -14. What is the highest common divisor of w and 55?
11
Let c be (4 + (4 - 12))/(-4). Calculate the greatest common divisor of c and 1.
1
Suppose -8*n + 6 = -6*n. Suppose 0 = 3*f, 5*s - 15 = f + 3*f. What is the greatest common divisor of n and s?
3
Let v = 1 + 2. Suppose p + v = 5. Suppose 4*b + 3*k = 5*k + 290, -p*b + 155 = -3*k. Calculate the greatest common divisor of 28 and b.
14
Suppose 55 = 4*o - 25. What is the highest common divisor of o and 40?
20
Suppose 3*w - 6 = 0, 4*i - 16 = -5*w + 86. What is the greatest common factor of i and 23?
23
Suppose 0 = 3*h + 15, 3*h = -m - 4*m + 55. Let y be 7*1/(2/6). Calculate the highest common divisor of m and y.
7
Let g = -21 + 45. What is the highest common divisor of g and 72?
24
Suppose -80 - 84 = -2*v. Suppose -l - 6 = -5*r, -4*l - 4*r - 10 + v = 0. What is the greatest common divisor of 42 and l?
14
Suppose -150*b = -146*b - 308. What is the highest common factor of b and 11?
11
Suppose -4*z = 5*n + 11, -z = 3 + 1. Let u be (1 - 0)/(n/45). Suppose 4*x - 18 = 3*x. Calculate the highest common divisor of x and u.
9
Let t(m) = 3*m**2 - m - 1. Let a be t(2). What is the greatest common